?
False
Is 425144 a multiple of 19?
True
Does 4 divide 928260?
True
Does 78 divide 2026680?
False
Does 11 divide 24756930?
True
Is 7228243 a multiple of 45?
False
Is 13 a factor of 35727016?
True
Is 23 a factor of 2311484?
False
Is 477550 a multiple of 50?
True
Does 486 divide 2074248?
True
Does 470 divide 10448100?
True
Does 31 divide 240126?
True
Is 16 a factor of 64560?
True
Is 72608 a multiple of 32?
True
Does 28 divide 2125268?
False
Is 4 a factor of 477253?
False
Is 2840857 a multiple of 21?
False
Is 90 a factor of 770485?
False
Is 249271 a multiple of 50?
False
Is 63853 even?
False
Is 319 a factor of 7250138?
False
Is 85834 a multiple of 3?
False
Is 115984 a multiple of 8?
True
Is 293 a factor of 329039?
True
Does 7 divide 92164?
False
Is 54 a factor of 1302643?
False
Is 236 a factor of 3599708?
True
Does 16 divide 52064?
True
Is 9 a factor of 892431?
True
Is 21 a factor of 3569768?
False
Is 51 a factor of 2381091?
False
Does 29 divide 1741847?
False
Is 13 a factor of 893301?
False
Is 28 a factor of 264858?
False
Does 43 divide 5376350?
False
Is 2613665 a multiple of 18?
False
Is 6709 a multiple of 7?
False
Is 7 a factor of 3832150?
True
Does 40 divide 31938?
False
Does 69 divide 24880?
False
Is 15056 a multiple of 8?
True
Is 2763690 a multiple of 30?
True
Is 156 a factor of 5119612?
False
Does 3 divide 1567199?
False
Does 36 divide 335880?
True
Is 192300 a multiple of 5?
True
Is 71721 a multiple of 247?
False
Is 63004 a multiple of 829?
True
Is 1178909 a multiple of 36?
False
Is 1067 a factor of 14946775?
False
Does 39 divide 1864769?
False
Is 12598 a multiple of 8?
False
Does 21 divide 33058?
False
Does 16 divide 638176?
True
Is 282162 a multiple of 409?
False
Is 37 a factor of 24068093?
True
Is 17 a factor of 156111?
True
Does 74 divide 62678?
True
Does 84 divide 2105643?
False
Is 15929268 a multiple of 734?
True
Is 4372135 a multiple of 198?
False
Does 36 divide 730197?
False
Is 7133588 a multiple of 1463?
True
Does 10 divide 23760?
True
Is 84 a factor of 46956?
True
Is 70 a factor of 173004?
False
Is 9 a factor of 1463174?
False
Is 465878 a multiple of 36?
False
Is 839 a factor of 1430460?
False
Is 36 a factor of 148434?
False
Does 37 divide 30488?
True
Is 1368751 a multiple of 281?
True
Does 168 divide 100612?
False
Does 15 divide 630139?
False
Is 193234 a multiple of 114?
False
Is 51 a factor of 122757?
True
Is 11284 a multiple of 31?
True
Is 1358835 a multiple of 15?
True
Is 170 a factor of 161457?
False
Is 50 a factor of 196143?
False
Is 1428422 a multiple of 165?
False
Is 99101 a multiple of 98?
False
Does 7 divide 1056181?
True
Does 57 divide 4449447?
False
Does 58 divide 6438?
True
Is 16985 a multiple of 215?
True
Is 52 a factor of 3453159?
False
Is 1993896 a multiple of 72?
True
Is 928 a factor of 1734503?
False
Does 2436 divide 15846180?
True
Does 48 divide 340608?
True
Is 3907500 a multiple of 30?
True
Does 177 divide 321283?
False
Does 18 divide 78894?
True
Is 109 a factor of 238529?
False
Is 6336600 a multiple of 10?
True
Does 22 divide 15116904?
True
Is 1012 a factor of 2873657?
False
Is 1992 a multiple of 4?
True
Is 11 a factor of 34859?
True
Does 20 divide 6252880?
True
Is 200120 a multiple of 11?
False
Does 66 divide 18084?
True
Does 9 divide 2006797?
False
Is 2454925 a multiple of 869?
True
Is 1248213 a multiple of 388?
False
Does 16 divide 45856?
True
Is 250 a factor of 616089?
False
Is 252 a factor of 302500?
False
Does 68 divide 293163?
False
Is 311 a factor of 1559220?
False
Is 1149153 a multiple of 243?
False
Is 7596095 a multiple of 65?
True
Is 4826266 a multiple of 76?
False
Is 4 a factor of 30661?
False
Is 78052 a multiple of 13?
True
Is 1706 a factor of 15588659?
False
Is 265 a factor of 171022?
False
Is 67575 a multiple of 17?
True
Is 401089 a multiple of 13?
True
Is 2623060 a multiple of 62?
False
Is 809 a factor of 1088105?
True
Is 51175 a multiple of 13?
False
Is 28 a factor of 1374576?
True
Is 50 a factor of 61438?
False
Is 266543 a multiple of 9?
False
Is 280320 a multiple of 219?
True
Does 16 divide 112528?
True
Is 929003 a multiple of 1048?
False
Does 468 divide 5724642?
False
Does 357 divide 1777099?
False
Is 309684 a multiple of 131?
True
Is 1037181 a multiple of 61?
False
Does 96 divide 1790994?
False
Is 151 a factor of 16006?
True
Does 92 divide 372341?
False
Does 10 divide 1281930?
True
Does 34 divide 156808?
True
Is 76 a factor of 531814?
False
Is 93 a factor of 107508?
True
Is 16 a factor of 8941264?
True
Is 230 a factor of 978650?
True
Is 54236 a multiple of 298?
True
Is 1633114 a multiple of 576?
False
Does 278 divide 603235?
False
Does 51 divide 135150?
True
Is 83501 a multiple of 22?
False
Is 15 a factor of 229725?
True
Is 646130 a multiple of 85?
False
Is 63877 a multiple of 11?
True
Is 60 a factor of 13194660?
True
Does 24 divide 307848?
True
Is 3985518 a multiple of 808?
False
Does 110 divide 48620?
True
Does 36 divide 120492?
True
Does 741 divide 535743?
True
Is 70 a factor of 837529?
False
Is 2945196 a multiple of 36?
True
Is 112 a factor of 1283296?
True
Does 11 divide 4299718?
False
Is 75 a factor of 28089?
False
Does 7 divide 66227?
True
Does 159 divide 794841?
True
Does 12 divide 169515?
False
Is 8 a factor of 222736?
True
Is 9 a factor of 34654?
False
Is 1939056 a multiple of 28?
True
Is 10 a factor of 5730230?
True
Is 614832 a multiple of 24?
True
Is 362534 a multiple of 23?
False
Is 106 a factor of 94360?
False
Is 181 a factor of 1162020?
True
Is 172 a factor of 886536?
False
Is 623 a factor of 406819?
True
Is 18 a factor of 118037?
False
Is 19 a factor of 227145?
True
Does 725 divide 4514575?
True
Is 102012 a multiple of 12?
True
Does 130 divide 63613?
False
Does 548 divide 761720?
True
Is 2193 a factor of 6824616?
True
Is 11 a factor of 194934?
False
Does 20 divide 182360?
True
Is 65 a factor of 1305067?
False
Does 292 divide 28032?
True
Is 32 a factor of 1371840?
True
Is 4 a factor of 442896?
True
Is 1361 a factor of 4389225?
True
Is 1185700 a multiple of 100?
True
Does 124 divide 1384336?
True
Is 6012 a multiple of 18?
True
Does 15 divide 1927590?
True
Is 82688 a multiple of 5?
False
Is 430006 a multiple of 67?
True
Is 147919 even?
False
Is 11 a factor of 2350249?
True
Does 19 divide 367962?
False
Is 130 a factor of 78168?
False
Does 139 divide 8624341?
False
Is 17 a factor of 6703209?
False
Does 46 divide 553656?
True
Is 133 a factor of 309029?
False
Is 29 a factor of 249?
False
Is 222911 a multiple of 13?
True
Is 446 a factor of 99012?
True
Does 108 divide 1638673?
False
Does 288 divide 198432?
True
Does 118 divide 3780415?
False
Is 7 a factor of 49679?
True
Is 32 a factor of 14202240?
True
Is 39 a factor of 41418?
True
Is 14 a factor of 149464?
True
Is 11 a factor of 917334?
True
Does 10 divide 42790?
True
Is 334 a factor of 8604373?
False
Is 18 a factor of 2033352?
True
Is 1074 a factor of 102895?
False
Is 4111425 a multiple of 1227?
False
Does 85 divide 7289310?
False
Is 14 a factor of 607614?
True
Is 105468 a multiple of 70?
False
Is 3191460 a multiple of 12?
True
Is 174018 a multiple of 6?
True
Is 56 a factor of 1092056?
True
Does 8 divide 1225085?
False
Is 1465900 a multiple of 50?
True
Does 78 divide 486564?
True
Does 150 divide 1833564?
False
Does 71 divide 88309?
False
Is 112257 a multiple of 279?
False
Is 9 a factor of 40122?
True
Does 18 divide 459684?
True
Does 218 divide 11662470?
False
Is 984315 a multiple of 149?
False
Is 12 a factor of 17287186?
False
Does 118 divide 75048?
True
Does 301 divide 4816?
True
Does 31 divide 5129787?
True
Is 646 a factor of 18112548?
True
Does 80 divide 3020880?
True
Is 11 a factor of 267016?
False
Is 3986016 a multiple of 12?
True
Is 7 a factor of 347429?
False
Is 4503 a multiple of 12?
False
Is 41 a factor of 325409?
False
Is 355 a factor of 132415?
True
Does 141 divide 4648911?
True
Is 72942 a multiple of 144?
False
Is 186624 a multiple of 344?
False
Is 14 a factor of 1329482?
True
Is 72864 a multiple of 198?
True
Is 1044195 a multiple of 7?
False
Is 12 a factor of 727394?
False
Is 12 a factor of 270024?
True
Does 123 divide 277242?
True
Is 8 a factor of 542640?
True
Does 54 divide 844603?
False
Is 969766 a multiple of 785?
False
Does 11 divide 11719631?
True
Is 299911 a multiple of 5?
False
Is 98 a factor of 504798?
